he remainder when 1173 is divided by i.
193
Suppose -2684 - 1136 = -20*h + 2820. Calculate the remainder when h is divided by 122.
88
Let q = 10 + -4. Let w be -7*(q/(-21))/(4/6). Suppose 139 + 31 = n + w*l, 2*l - 6 = 0. Calculate the remainder when n is divided by 41.
38
Let r(s) = s**2 + 195*s - 2781. What is the remainder when r(15) is divided by 76?
65
Let v be (-8)/20 + 93/(-5). Suppose -84 = -2*a - 2*s, -a + 2*s + 23 = -19. Let d = a + v. Calculate the remainder when 89 is divided by d.
20
Let h = -23441 + 23479. Suppose -48 = -0*v - 4*v. Calculate the remainder when h is divided by v.
2
Suppose 2*b - 156 = -174. Suppose 0 = 3*s + 2*s - 60. Calculate the remainder when -6*b/(-108)*-256 is divided by s.
8
Let n(u) = -448*u - 179. Calculate the remainder when n(-1) is divided by 54.
53
Let v(b) = b**2 - 2*b - 4. Let d be v(3). Let g(o) = -32 - 819*o + 572*o + 30. What is the remainder when g(d) is divided by 41?
40
Let q(g) = -6*g**2 + g + 1. Let r be q(2). Let w = -20 - r. Calculate the remainder when 46/w - (4 + -5) is divided by 10.
7
Let g be 20465/(-105) + (-10)/105. Let r = -87 - g. What is the remainder when r is divided by 28?
24
What is the remainder when ((-28790)/(-25))/((-86)/(-215)) is divided by 160?
159
Suppose -80*p + 82*p - 6 = 0, -5*c = -3*p - 2046. Calculate the remainder when c is divided by 85.
71
Suppose 5*d = -3*k + 680, 5*d - d = 3*k + 544. Let h = 149 - d. What is the remainder when 23 is divided by h?
10
Let c(m) = 11*m**2 - 22*m + 52. Let h be c(6). Let x = h - 97. Calculate the remainder when x is divided by 14.
9
Suppose 0 = -d + r + 16 + 10, -2*r - 6 = 0. Let q = 248691 + -248652. What is the remainder when q is divided by d?
16
Let l = 1819 + -1797. Let c(h) = 2*h**3 - 7*h**2 + 3*h - 3. Let k = 0 - -5. What is the remainder when c(k) is divided by l?
21
Let v(x) = 41*x + 2166. Calculate the remainder when 1669 is divided by v(-52).
3
Let q(y) = -y**3 + 5*y**2 - y + 31. Let n = 405 - 411. Calculate the remainder when q(n) is divided by 29.
27
What is the remainder when 34*4*(-142 + 155 + 12/(-1)) is divided by 46?
44
Suppose 0 = -2*q + 4*q - 750. Let h be (9/(9/28))/2. Suppose -15*z + 54 = -h*z. What is the remainder when q is divided by z?
51
Suppose -4 = -v + 4. Let i be (32835/10)/11 - (-9)/6. Let w = 328 - i. Calculate the remainder when w is divided by v.
4
Let k = -2310 - -2323. Calculate the remainder when 7019 is divided by k.
12
Let u = -6050 + 6322. Suppose 0*p - 7*p + 161 = 0. What is the remainder when u is divided by p?
19
Suppose -5*z + 0*y - 2*y - 367 = 0, -63 = z + 3*y. Calculate the remainder when 63 is divided by (-9)/(-15) - 930/z.
11
Suppose 4*b + 382 = 5*k - 162, 3*k = 2*b + 270. Let l = b - -151. Calculate the remainder when 27 is divided by l.
7
Calculate the remainder when ((-10 - -5)/5)/(9/(-8631)) is divided by 317.
8
Let r(h) = 10*h**2 - 38*h - 11. Suppose -44 - 6 = -10*d. Calculate the remainder when r(d) is divided by 13.
10
Let r = 98 - 64. Let k = 420 + -427. Let u(f) = 8*f**2 + 43*f + 10. What is the remainder when u(k) is divided by r?
33
Suppose c + 333 - 337 = 0, -5*q + 119 = c. Suppose 4*y - 5*j = -j + 12, 3*y + 6 = -2*j. Suppose y*t + 360 = 4*t. Calculate the remainder when t is divided by q.
21
Let b = 496 - 286. Let z = 334 + -228. Calculate the remainder when z is divided by (-45)/(-2)*-7*(-36)/b.
25
Let p = -1 + -5. Let k = 41 - p. Let y(v) = -6*v**2 + 74*v - 6. What is the remainder when k is divided by y(12)?
11
Let o = -185 + 200. Let k(j) = 4*j**2 - 30*j - 62. Calculate the remainder when o is divided by k(-2).
1
Let s(d) = -3*d**2 - 108*d - 41. What is the remainder when 284 is divided by s(-34)?
121
Suppose 4*m - 21 = 5*o, 2*m - 5*o - 19 = -6. Suppose -5*a = -4*n + 24, -2*n - 4*a = -5*a - 12. Calculate the remainder when n is divided by m.
2
Let q = -30 + 32. Let z(j) = 3 + 0 - 344*j + 338*j + 12*j**q. What is the remainder when z(2) is divided by 15?
9
Suppose -372 = -4*s + 196. What is the remainder when s is divided by (-2)/11 - 45800/(-2519)?
16
Suppose 11*g = -4*j + 9*g + 6, 5*j - 6 = -2*g. Suppose -37*z + 39*z = j, 3*z + 318 = 2*b. What is the remainder when b is divided by 33?
27
Let x(z) = 92*z + 583. What is the remainder when 265 is divided by x(-6)?
17
Let x = 121 + -189. Calculate the remainder when x/238 - 1829/(-7) is divided by 12.
9
Suppose -5*a = v + 8, -4*v + 2*a + 13 = 1. Calculate the remainder when 372 + v + -3 + 24/6 is divided by 8.
7
Let v = 225 + -141. Let c(l) = l**3 + 2*l**2 - 9*l + 3. Let d be c(4). What is the remainder when v is divided by (-392)/(-18) - (-14)/d?
18
Let v be 10 + (2/(-6))/(2/12). Suppose u - 20 = -5*g, -g + 10 = 3*u - v. Let l(t) = -t**2 - 10*t - 8. What is the remainder when l(-8) is divided by u?
3
Suppose 2*l = 3*p + 363, -3*l + 2*l - 4*p = -176. Suppose -2*j = 3*i - 155, -22*i + 4*j = -18*i - l. Calculate the remainder when i is divided by 23.
3
Suppose h = -3*h - 68. Let k(t) = 6*t**2 + 24*t + 4. Let v(a) = -a**2 - a + 3. Let r(l) = -k(l) - 5*v(l). Calculate the remainder when 43 is divided by r(h).
13
Suppose 0 = 3*n - j - 1440, -4*n + 1294 = j - 626. What is the remainder when n is divided by 166?
148
Let u(s) = -24*s + 2058. Calculate the remainder when 282 is divided by u(74).
0
Let o = -104 - -152. Let b = o - 11. What is the remainder when 69 is divided by b?
32
Let f(z) = 5*z**3 - 4*z**2 - 2*z + 9. Calculate the remainder when f(3) is divided by 24.
6
Suppose -l + 8 = -3*r - 123, -5*r = -2*l + 267. Calculate the remainder when 274 is divided by l.
128
Let f be (-4)/(-6) + (352/6)/2. What is the remainder when 68 + 1 + (4 - 2) is divided by 256/14 - f/105?
17
Let x = 5148 + -4960. What is the remainder when x is divided by 3?
2
What is the remainder when 2 - 241/(-3) - (-8 + (-300)/(-36)) is divided by 57?
25
Let g(q) = -51*q + 4354. Calculate the remainder when 2084 is divided by g(85).
13
Let i = -189 + 290. Suppose 0 = 4*b - i - 91. Calculate the remainder when b is divided by 17.
14
Suppose -d + 30*v = 31*v - 47, -d - 3*v = -35. What is the remainder when 144 is divided by d?
38
Let x = 7395 + -6559. Calculate the remainder when x is divided by 38.
0
Let t = 293 + -217. Let u be (-12)/(-9) - 260/15. What is the remainder when t is divided by ((-656)/u)/(2*(-2)/(-4))?
35
Suppose 5*n - 4*b - 29 = 158, 5*n + b - 197 = 0. Calculate the remainder when 64 is divided by n.
25
Let i = 1538 + -1490. What is the remainder when 818 is divided by i?
2
Let k(s) = -3*s**3 + 301*s**2 - 101*s + 278. What is the remainder when k(100) is divided by 24?
10
Let y(n) = -2*n**3 + 65*n**2 - 90*n - 1. Calculate the remainder when 3398 is divided by y(31).
86
Let h = -458 + 455. Calculate the remainder when 1960/28*h/(-6) is divided by 19.
16
Let y(q) = 17*q + 491. Let r = 2 + -2. What is the remainder when 1/(-2)*r + 60 is divided by y(-27)?
28
Let u(i) = -i + 18. Suppose -10 = -3*c + 29. Let b be u(c). Suppose -2*p + 134 = -4*x, -b*x - 185 = -3*p - 3*x. What is the remainder when p is divided by 10?
9
Suppose 4*l + 3 = 15. Suppose -2*v - l*s = -165, 0 = 11*s - 9*s + 2. Calculate the remainder when v is divided by 26.
6
Let m = 272 - 515. Let h = 269 + m. What is the remainder when 101 is divided by h?
23
Calculate the remainder when 1514 is divided by 4/26 - (-10)/(1170/(-369)) - -753.
14
What is the remainder when 7573 is divided by 28 - (2/(-3)*-3)/(22/33)?
23
Let z(r) = -50*r + 23*r + 23*r - 23. Calculate the remainder when (27*-1)/(3/(-2)) is divided by z(-7).
3
Calculate the remainder when ((-698)/4)/((-4)/(96/300) - -12) is divided by 175.
174
Let a = 21130 + -21114. Calculate the remainder when 2445 is divided by a.
13
Let t be -16 + -30 + (3 - -1). Let r(l) = -l**2 - 7*l + 6. What is the remainder when (t + 2/(-2))*(10 - 11) is divided by r(-5)?
11
Let a = -241 + 281. Calculate the remainder when (2352/a)/((-6)/(-15)) is divided by 30.
27
Suppose 4*y - 1 = 7. Suppose y*o = 5*o - 63. Calculate the remainder when -1*((-4)/(-5))/(152/(-14060)) is divided by o.
11
Suppose 75 = -5*t + 165. What is the remainder when -2*2/((-8)/106) is divided by 158/t - 0 - 4/(-18)?
8
Suppose -8*s + 335 - 103 = 0. Suppose 51 = 3*p - 0*p. Calculate the remainder when s is divided by p.
12
Suppose 0 = -5*j + 5*x + 2250, 37*j - 40*j = x 